r when 36 is divided by t.
6
Let p(g) = 3*g - 11. Let j be p(11). What is the remainder when 4/j - 4680/(-33) is divided by 36?
34
Suppose 164 = -4*n + 6*n. Suppose -29 = -j - 8. Calculate the remainder when n is divided by j.
19
Suppose 2*n = -8 + 22. Suppose 0 = 2*f - n*f + 845. What is the remainder when f is divided by 43?
40
Let s = 141 - 72. Calculate the remainder when s is divided by 28.
13
Calculate the remainder when (-172)/7*49/(-14) is divided by 23.
17
Suppose -243 = -5*q + m, -q - 2*m + 47 - 5 = 0. Calculate the remainder when q is divided by 26.
22
Suppose 36 = 4*m - 32. Suppose 0 = 4*t - 35 - m. What is the remainder when 49 is divided by t?
10
What is the remainder when 18 is divided by ((-12)/(-36))/(4/(-6))*-36?
0
Suppose 2 + 4 = 2*p. Suppose -2*r = -f, 6 = f + 2*r + 2*r. Calculate the remainder when p is divided by f.
1
Let p(z) = 4*z**2 - 28*z + 35. What is the remainder when 117 is divided by p(7)?
12
Let d(w) = w**2 - 2*w + 5. Let f = 107 + -69. Calculate the remainder when f is divided by d(4).
12
Let o be 382 - (-8)/(1*-4). Suppose 0 = -v + o - 146. Suppose -5*m + n = -v, -4*m + 2*n = m - 233. What is the remainder when m is divided by 12?
11
Suppose o - 66 = -3*d - 4*o, -o + 110 = 5*d. Suppose 12 = 3*y - 6. Calculate the remainder when d is divided by y.
4
Suppose -4*t = -6*t + 3*w + 396, 4*w = t - 203. Calculate the remainder when t is divided by 3.
0
Let i(a) = -56*a + 22. Let r be i(-7). Suppose -4*z = -22*z + r. Calculate the remainder when z is divided by 3.
2
Let r be 0*(1 - 0)/(-1). Suppose 2*l + 0 - 6 = 0. Suppose -2*s - w = 2*w - 72, s - l*w - 54 = r. Calculate the remainder when 165 is divided by s.
39
Let q(g) = -g**3 + 35*g**2 - 29*g - 58. What is the remainder when q(34) is divided by 5?
2
Let c(p) = 4*p**2 - 126*p + 72. Calculate the remainder when c(31) is divided by 2 - (3 - 5) - 1.
1
Suppose -4*v + 10 = 5*y - 5, -2*y = 3*v - 6. What is the remainder when (-8 + 9)*-2*(-8 - 2) is divided by 6 - 3/(y/(-2))?
4
Let u be (3 + 21/(-6))*-4. Suppose -4*l - 10 = -2*l, -u*l + 82 = 4*x. Suppose -v = 11 - x. Calculate the remainder when 20 is divided by v.
8
Suppose 5*p = 177 + 93. Let v = -22 + p. What is the remainder when v is divided by 11?
10
Let h(j) = 2*j**3 - 2*j**3 - 19 + 3*j + 3*j**3 - 2*j**3 - 15*j**2. What is the remainder when 101 is divided by h(15)?
23
Let y = -149 - -220. Suppose -4*h + y = -89. Calculate the remainder when h is divided by 15.
10
Let p(n) = n**3 - 17*n**2 - 22*n + 80. What is the remainder when 87 is divided by p(18)?
7
Suppose 2 = r, 0*r = 3*j - 2*r - 2. Suppose -l = j*p + 3*p - 166, l + 32 = p. What is the remainder when 97 is divided by p?
31
Suppose 4*y + 6 = -4*k - 82, 3*y - 4*k = -52. Calculate the remainder when 23 is divided by (-780)/y*(-2)/(-6).
10
Suppose 0 = -7*d + d + 18. Let t be 10*(14/4 - d). Suppose -t*a + 0*a + 210 = 0. Calculate the remainder when a is divided by 16.
10
Suppose -4*m - 4 = 8. What is the remainder when 25*(-3)/(-1) + m is divided by 37?
35
Let p(i) be the third derivative of i**6/120 + 7*i**5/60 + 3*i**3/2 - 18*i**2. Calculate the remainder when 134 is divided by p(-6).
44
Calculate the remainder when (-2)/(-5)*(81 + 0 - -4) is divided by 14.
6
What is the remainder when ((-32)/(-6) + 3)/(54/810) is divided by 16?
13
Suppose 4*d + 2 = 5*a, -a = d + 2*a - 8. Calculate the remainder when 27 is divided by (-361)/(-38) - d/4.
0
Let b be ((-12)/9 + 2)*-15. Let y be 84/22 + b/(-55). Suppose -y + 18 = z. Calculate the remainder when 39 is divided by z.
11
Let q be (-4 - -8) + 2 + -1. Suppose 279 + 11 = q*b. Calculate the remainder when b is divided by 12.
10
Let s(y) = -y**2 + y + 2. Let j be s(-2). Let x = 108 + -97. What is the remainder when x is divided by 42/j*(-2)/3?
4
Let l be (-5028)/8 - (-3)/(-6). Let i = l + 1088. Suppose -5*x = -8*x + i. Calculate the remainder when x is divided by 39.
36
Suppose k - 4*k + 248 = 5*n, -146 = -3*n + k. Let y(m) = -m**3 - 4*m**2 + 55*m + 263. Calculate the remainder when n is divided by y(-5).
10
Suppose 0*c - c = j + 112, -5*j + c - 548 = 0. Calculate the remainder when 16 is divided by j/(-12) - 1/6.
7
Let v = -43 - -43. Suppose 5*s - 13 - 37 = v. What is the remainder when (1 + 0)*(-1 + 39) is divided by s?
8
Suppose -4*f - 4*b + 248 - 40 = 0, 0 = -4*f + 4*b + 224. What is the remainder when f is divided by 22?
10
Suppose -11 = -w + 3. Let x be 0/1*11/22. Suppose x = 3*q + 4*q - w. What is the remainder when 4 is divided by q?
0
Let p(z) = 8*z + 116. Calculate the remainder when p(7) is divided by 44.
40
Let l = 176 - 78. Suppose -p = -2*j + l, -p - 3*p - 16 = 0. Let n(o) = 4*o**2 + 180*o + 529. What is the remainder when j is divided by n(-42)?
22
Calculate the remainder when (-33)/(-55)*-10 + 1*363 is divided by 40.
37
Let k(f) = 3*f - 33. Let d be k(12). Suppose 2*z - 67 = -z + j, z + d*j = 29. Calculate the remainder when z is divided by 9.
5
Let m = 11 + 44. Suppose -q + 2*q = 5*g - 45, 0 = -4*g + 5*q + 15. Suppose 3*h - m = -g. Calculate the remainder when h is divided by 4.
3
Let v = -76 - -85. Suppose -5*m = -4*j - 93, j - 4*j = -v. What is the remainder when 73 is divided by m?
10
Suppose 3*m - 1745 = -1727. What is the remainder when m is divided by (7 - 4)/((-6)/(-8))?
2
Let f = -247 - -269. Calculate the remainder when 41 is divided by f.
19
Suppose 7*g = 5*g + 26. Suppose 16 = -r - r - 3*c, -r = -5*c - 18. Calculate the remainder when (-93)/r - (-3)/6 is divided by g.
8
Let r = -1 + 7. Suppose 8*b - r*b = 76. Let u = -1 + b. What is the remainder when u is divided by 8?
5
Let o(l) = l**2 - 8*l + 25. Let d be o(12). Let y = 91 - d. Calculate the remainder when 69 is divided by y.
15
Let n(u) = u**3 + u - 5. Let h be n(0). Let f be (-12)/(-30) + (-18)/h. Suppose 0 = f*p - 4*g + 4, -p + 3*g = 3*p. What is the remainder when 3 is divided by p?
0
Calculate the remainder when 182 is divided by -2 + 8/((-24)/(-207)) + -6.
60
Suppose l + 3 - 56 = 0. Let p(b) = -38*b - 10. Calculate the remainder when l is divided by p(-1).
25
Let u(y) = -22*y**3 + 10*y**2 + 15*y - 1. What is the remainder when u(-2) is divided by 10?
5
Suppose -36 = -3*i - 6*i. Let s(t) = 16*t - 3. What is the remainder when s(i) is divided by 7?
5
Suppose -11*a + 90*a = 790. What is the remainder when 19 is divided by a?
9
Suppose -5*p = j - 135, 8*j - p = 4*j + 477. Let b be (-2)/8*j/(-10). Let x(f) = 6*f**2 - 8*f + 2. What is the remainder when x(b) is divided by 7?
4
Let q(v) be the third derivative of v**5/20 + v**4/6 - v**3/6 - 6*v**2. What is the remainder when q(2) is divided by 7?
5
Let h = 5 - -7. Suppose 29 = x - 5*m, x - 3*m = 10 + 21. What is the remainder when x is divided by h?
10
Let t be 4 + 22 + 1 + 2. Let o = t - 23. Suppose -70 = -5*d - 3*v, -9 = -2*d + 3*v - 8*v. Calculate the remainder when d is divided by o.
5
Let p(y) = 2*y**2 + 16*y + 8. Let q be p(-7). Calculate the remainder when 85 is divided by (10/q)/(-5) - (-512)/12.
42
Suppose 0 = s + 5*c - 437, 5*c - 1748 = -4*s + 9*c. What is the remainder when s is divided by 17?
12
Let n(d) = d**3 + d**2 - 2*d + 1. Let c be n(2). Let k be (0 - 4)/((-2)/c). Suppose k = 2*l - 0*l. What is the remainder when l is divided by 6?
3
Let i(t) = t**3 - 41*t**2 - 84*t - 64. What is the remainder when 283 is divided by i(43)?
19
Let h = -1 - -1. Let p(i) = 2*i**2 - 19*i - 5. Let w be p(11). Suppose h*s + s = w. Calculate the remainder when s is divided by 15.
13
What is the remainder when -2 + 32/14 + (-1775)/(-35) is divided by 0 + -1 + 19/1?
15
Let y(z) be the third derivative of -z**5/60 + 13*z**4/24 + 13*z**2. Let x be y(4). Suppose -x = -6*g + 36. Calculate the remainder when 45 is divided by g.
9
Let f(p) = -p - 2. Let u be f(-4). Calculate the remainder when 54 is divided by (u + (-12)/4)*-28.
26
Suppose -4*t - 3*y + 2193 = 0, 2*t + 3*y = -t + 1641. Suppose t = 2*n + 2*n. What is the remainder when n is divided by 28?
26
Suppose -74 = -2*p - 4*d, -2*p - 2*p + d = -148. Let c = -14 + p. Calculate the remainder when 43 is divided by c.
20
Let h = -5 + 13. Suppose -s + 4 = -0*s + 5*n, -3*s = n - 68. Let r = s + -11. Calculate the remainder when r is divided by h.
5
Let g(q) = -q**3 + 16*q**2 - 2*q + 100. Calculate the remainder when 155 is divided by g(16).
19
Let m(h) = 